{"id":223,"date":"2017-05-18T17:47:09","date_gmt":"2017-05-18T17:47:09","guid":{"rendered":"https:\/\/observatorioelectoral.uncoma.edu.ar\/?page_id=223"},"modified":"2023-09-27T18:22:25","modified_gmt":"2023-09-27T21:22:25","slug":"el-observatorio","status":"publish","type":"page","link":"https:\/\/observatorioelectoral.uncoma.edu.ar\/?page_id=223","title":{"rendered":"El Observatorio"},"content":{"rendered":"<h3><span style=\"color: #333333;\">\u00bfQu\u00e9 es un Observatorio Electoral?<\/span><\/h3>\n<p class=\"m_-1270956596443791512gmail-yiv5406348979msonormal\"><span lang=\"ES\" style=\"color: #333333;\">Un Observatorio Electoral eval\u00faa la calidad de las elecciones a trav\u00e9s de actividades coordinadas y m\u00e9todos espec\u00edficos. La observaci\u00f3n se realiza de manera independiente a la autoridad electoral oficial, y forman parte \u00a0organizaciones de la sociedad civil aceptadas como imparciales por quienes participan del proceso eleccionario. \u00a0<\/span><\/p>\n<p class=\"m_-1270956596443791512gmail-yiv5406348979msonormal\"><span lang=\"ES\" style=\"color: #333333;\">El objetivo principal de un Observatorio Electoral es garantizar la transparencia de todo el proceso electoral, para proteger y promover el ejercicio de los derechos pol\u00edticos de los ciudadanos. Trabaja sobre la identificaci\u00f3n y prevenci\u00f3n de errores, distorsiones y manipulaci\u00f3n de los procedimientos de votaci\u00f3n.<\/span><\/p>\n<h3><span style=\"color: #333333;\">Historia del Observatorio<\/span><\/h3>\n<p><span lang=\"ES\" style=\"color: #333333;\">El Observatorio Electoral de la Universidad Nacional del Comahue tiene su origen en una experiencia desarrollada en la ciudad de Bariloche durante el 2015, \u00a0en el marco de una colaboraci\u00f3n entre la Universidad Nacional del Comahue y la Defensor\u00eda del Pueblo de Bariloche, se cre\u00f3 el observatorio ObserBar. Participaron 120 voluntarios coordinados para presenciar distintos momentos de cada elecci\u00f3n (apertura de mesas, desarrollo de las elecciones y escrutinio), adem\u00e1s de comprobar el estado de la infraestructura de los sitios de votaci\u00f3n y el desarrollo de la log\u00edstica asociada a las votaciones.<\/span><\/p>\n<p><span lang=\"ES\" style=\"color: #333333;\">Fue la primera experiencia de este tipo en R\u00edo Negro. El trabajo se desarroll\u00f3 con \u00e9xito, lo cual nos impulsa a<a style=\"color: #333333;\" name=\"m_-1270956596443791512__GoBack\"><\/a> extenderlo gradualmente a otras ciudades de la provincia.<\/span><\/p>\n<p><span lang=\"ES\" style=\"color: #333333;\">En el a\u00f1o 2017 inauguramos el Observatorio Electoral de R\u00edo Negro para observar el desarrollo de las elecciones legislativas nacionales en dos ciudades del Distrito R\u00edo Negro, General Roca y San Carlos de Bariloche. Esta vez el trabajo forma parte del Programa de Voluntariado Universitario de la Secretar\u00eda de Pol\u00edticas Universitarias del Ministerio de Educaci\u00f3n y Deportes de la Naci\u00f3n.<\/span><\/p>\n<p><span style=\"color: #333333;\">En 2019 se realizaron observaciones en la elecciones nacionales en el \u00e1mbito de la Provincia de R\u00edo Negro y de las elecciones municipales de la ciudad de Bariloche.<\/span><\/p>\n<p><span style=\"color: #333333;\">En 2021 se conforma el observatorio de la Universidad Nacional del Comahue ampliando el \u00e1mbito de influencia a las provincias de Neuqu\u00e9n y R\u00edo Negro.\u00a0 \u00a0Durante el presente a\u00f1o se va a realizar una observaci\u00f3n de las elecciones Legislativas Nacionales PASO y GENERALES y de las elecciones de Concejales de la ciudad de Neuqu\u00e9n.<\/span><\/p>\n<h3><span style=\"color: #333333;\">\u00bfQu\u00e9 hacemos?&#8221; <\/span><\/h3>\n<p><span style=\"color: #333333;\"><span lang=\"ES\">El Observatorio realiza muchas tareas antes, durante y posteriormente a las elecciones.<\/span><\/span><\/p>\n<p><span lang=\"ES\" style=\"color: #333333;\">Antes de las elecciones nos interiorizamos sobre la mec\u00e1nica propuesta por las autoridades para emitir el voto. Tambi\u00e9n registramos la manera en que se publican los padrones, las fechas de votaci\u00f3n, las listas de candidatos y sus propuestas pol\u00edticas. Adem\u00e1s, se convoca y capacita a los voluntarios, quienes ser\u00e1n los encargados de la observaci\u00f3n electoral en los sitios de votaci\u00f3n.<\/span><\/p>\n<p><span lang=\"ES\" style=\"color: #333333;\">El d\u00eda de las elecciones, se despliega la red de voluntarios en sitios elegidos seg\u00fan m\u00e9todos matem\u00e1ticos que garantizan obtener resultados representativos del conjunto de los lugares de votaci\u00f3n. Los voluntarios son instruidos para realizar sus tareas sin perturbar el proceso eleccionario. Los datos que recolectamos se refieren a la forma en que los electores pudieron ejercer su derechos al voto (acceso al sitio de votaci\u00f3n, realizaci\u00f3n del acto comicial, etc.). Estos se transmiten y procesan para tener una visi\u00f3n acabada de c\u00f3mo transcurren las elecciones, casi en tiempo real.<\/span><\/p>\n<p><span lang=\"ES\" style=\"color: #333333;\">Luego de las elecciones se procesa y analiza la informaci\u00f3n recolectada. Esto permite inferir conclusiones sobre los aciertos y falencias de todo el proceso electoral en lo que refiere al ejercicio de derechos. Luego esa informaci\u00f3n se utiliza para proponer mejoras de forma tal que los ciudadanos puedan expresar su voluntad en condiciones seguras y que esta voluntad se vea cabalmente reflejada en los resultados de la elecci\u00f3n.<\/span><\/p>\n<p><span lang=\"ES\" style=\"color: #333333;\">Tambi\u00e9n nos proponemos reunir, generar y difundir informaci\u00f3n sistematizada sobre los sistemas y procesos electorales de la provincia de R\u00edo Negro, para promover un debate informado y abierto, que mejore la equidad en la competencia electoral.<\/span><\/p>\n<h3><span style=\"color: #333333;\">Equipo de trabajo<\/span><\/h3>\n<p><span lang=\"ES\" style=\"color: #333333;\">El Observatorio Electoral de la Universidad Nacional del Comahue est\u00e1 conformado por un equipo de trabajo integrado por miembros de la Universidad Nacional del Comahue.<\/span><\/p>\n<p><span lang=\"ES\" style=\"color: #333333;\">La red de voluntarios est\u00e1 en constante formaci\u00f3n. En la experiencia ObserBar, realizada en Bariloche en 2015, participaron como voluntarios muchos ciudadanos y ciudadanas con diferentes experiencias; \u00a0trabajadores y trabajadoras, profesionales, jubilados y jubiladas, estudiantes.<\/span><\/p>\n<p><span lang=\"ES\" style=\"color: #333333;\">Nuestro grupo de trabajo crece en la medida que nuevos ciudadanos y ciudadanas se unan de manera voluntaria para velar por el respeto al voto y la voluntad popular.<\/span><\/p>\n","protected":false},"excerpt":{"rendered":"<p>\u00bfQu\u00e9 es un Observatorio Electoral? Un Observatorio Electoral eval\u00faa la calidad de las elecciones a trav\u00e9s de actividades coordinadas y m\u00e9todos espec\u00edficos. La observaci\u00f3n se realiza de manera independiente a la autoridad electoral oficial, y forman parte \u00a0organizaciones de la sociedad civil aceptadas como imparciales por quienes participan del proceso eleccionario. \u00a0 El objetivo principal [&hellip;]<\/p>\n","protected":false},"author":2,"featured_media":0,"parent":0,"menu_order":0,"comment_status":"closed","ping_status":"closed","template":"","meta":{"footnotes":""},"class_list":["post-223","page","type-page","status-publish","hentry"],"_links":{"self":[{"href":"https:\/\/observatorioelectoral.uncoma.edu.ar\/index.php?rest_route=\/wp\/v2\/pages\/223","targetHints":{"allow":["GET"]}}],"collection":[{"href":"https:\/\/observatorioelectoral.uncoma.edu.ar\/index.php?rest_route=\/wp\/v2\/pages"}],"about":[{"href":"https:\/\/observatorioelectoral.uncoma.edu.ar\/index.php?rest_route=\/wp\/v2\/types\/page"}],"author":[{"embeddable":true,"href":"https:\/\/observatorioelectoral.uncoma.edu.ar\/index.php?rest_route=\/wp\/v2\/users\/2"}],"replies":[{"embeddable":true,"href":"https:\/\/observatorioelectoral.uncoma.edu.ar\/index.php?rest_route=%2Fwp%2Fv2%2Fcomments&post=223"}],"version-history":[{"count":131,"href":"https:\/\/observatorioelectoral.uncoma.edu.ar\/index.php?rest_route=\/wp\/v2\/pages\/223\/revisions"}],"predecessor-version":[{"id":1576,"href":"https:\/\/observatorioelectoral.uncoma.edu.ar\/index.php?rest_route=\/wp\/v2\/pages\/223\/revisions\/1576"}],"wp:attachment":[{"href":"https:\/\/observatorioelectoral.uncoma.edu.ar\/index.php?rest_route=%2Fwp%2Fv2%2Fmedia&parent=223"}],"curies":[{"name":"wp","href":"https:\/\/api.w.org\/{rel}","templated":true}]}}